{"id":29,"date":"2015-11-07T11:41:59","date_gmt":"2015-11-07T10:41:59","guid":{"rendered":"http:\/\/lespartageurs.bzh\/?page_id=29"},"modified":"2016-09-29T11:28:32","modified_gmt":"2016-09-29T10:28:32","slug":"autopartage","status":"publish","type":"page","link":"https:\/\/lespartageurs.bzh\/index.php\/autopartage\/","title":{"rendered":"Autopartage"},"content":{"rendered":"<p><a href=\"http:\/\/lespartageurs.bzh\/wp-content\/uploads\/2015\/11\/IMG_0398.jpg\"><img loading=\"lazy\" class=\"wp-image-131 size-medium alignleft\" src=\"http:\/\/lespartageurs.bzh\/wp-content\/uploads\/2015\/11\/IMG_0398-300x225.jpg\" width=\"300\" height=\"225\" srcset=\"https:\/\/lespartageurs.bzh\/wp-content\/uploads\/2015\/11\/IMG_0398-300x225.jpg 300w, https:\/\/lespartageurs.bzh\/wp-content\/uploads\/2015\/11\/IMG_0398-768x576.jpg 768w, https:\/\/lespartageurs.bzh\/wp-content\/uploads\/2015\/11\/IMG_0398-1024x768.jpg 1024w, https:\/\/lespartageurs.bzh\/wp-content\/uploads\/2015\/11\/IMG_0398-600x450.jpg 600w\" sizes=\"(max-width: 300px) 100vw, 300px\" \/><\/a><\/p>\n<p style=\"text-align: justify;\"><span style=\"font-weight: 400;\">La volont\u00e9 premi\u00e8re des Partageurs est\u00a0d\u2019offrir la possibilit\u00e9 d\u2019utiliser une voiture, vecteur d\u2019ind\u00e9pendance et de libert\u00e9, \u00e0 des personnes qui n\u2019en ont pas les moyens, ou qui ne l\u2019utiliseraient pas suffisamment pour que cela soit int\u00e9ressant. Cette voiture repr\u00e9sente \u00a0\u00e9galement une alternative concr\u00e8te \u00e0 l\u2019achat d\u2019un\u00a0deuxi\u00e8me v\u00e9hicule\u00a0par les familles. <\/span><\/p>\n<p style=\"text-align: justify;\"><span style=\"font-weight: 400;\">Les voitures partag\u00e9es ne le sont pas pour tous les adh\u00e9rents. Il est indispensable de se r\u00e9unir en petits groupes pour g\u00e9rer un v\u00e9hicule. Ce fonctionnement doit permettre de cr\u00e9er du liens entre tous les utilisateurs d&#8217;un m\u00eame v\u00e9hicule, et apporter la conscience d&#8217;une responsabilit\u00e9 partag\u00e9e. Ensuite, l\u2019association acqui\u00e8re\u00a0la voiture en son nom, l\u2019assure pour une utilisation mutualis\u00e9e et organise\u00a0la gestion pour\u00a0un fonctionnement simple et efficace.\u00a0<\/span><\/p>\n<p style=\"text-align: justify;\"><span style=\"font-weight: 400;\">Concr\u00e8tement, pour pouvoir utiliser la voiture partag\u00e9e, il convient d\u2019adh\u00e9rer \u00e0 l\u2019association, et de souscrire \u00e0 \u201cune caution solidaire\u201d, qui est restitu\u00e9e au partageur quand il quitte l\u2019association. Chaque trimestre, les utilisateurs de la voiture payent une somme fixe li\u00e9e \u00e0 l&#8217;acquisition\u00a0de la voiture, et une somme variable, fonction des kilom\u00e8tres parcourus. Le bar\u00e8me kilom\u00e9trique pratiqu\u00e9 au sein de l\u2019association couvre l\u2019ensemble des d\u00e9penses:\u00a0essence, assurance, frais bancaires, entretien, perte de valeur.<\/span><\/p>\n<p style=\"text-align: justify;\"><span style=\"font-weight: 400;\">Au quotidien, le fonctionnement du service d\u2019autopartage est presque aussi simple que pour une voiture personnelle, et c\u2019est l\u00e0 le v\u00e9ritable atout des Partageurs: pas de rendez-vous pour s\u2019\u00e9changer les cl\u00e9s car chacun en poss\u00e8de un exemplaire, pas d\u2019\u00e9tat des lieux du v\u00e9hicule \u00e0 chaque emprunt car les autopartageurs sont tous responsables de l\u2019\u00e9tat de la voiture, pas non plus de contrat \u00e0 signer avant chaque d\u00e9part car c\u2019est l\u2019association qui se charge de l\u2019administratif, et pas d\u2019argent \u00e0 avancer car l\u2019essence est directement pay\u00e9e par le compte des Partageurs. Les seules contraintes impos\u00e9es aux adh\u00e9rents sont de r\u00e9server la voiture avant l\u2019emprunt sur un agenda en ligne, de noter les kilom\u00e8tres parcourus sur le carnet de bord et de laisser la voiture dans la zone de stationnement convenue entre tous. Il y a une vraie libert\u00e9 d\u2019utilisation dans le fonctionnement que nous avons imagin\u00e9.<\/span><\/p>\n<p><span style=\"color: #333333; font-family: DDG_ProximaNova, DDG_ProximaNova_UI_0, DDG_ProximaNova_UI_1, DDG_ProximaNova_UI_2, DDG_ProximaNova_UI_3, DDG_ProximaNova_UI_4, DDG_ProximaNova_UI_5, DDG_ProximaNova_UI_6, 'Proxima Nova', 'Helvetica Neue', Helvetica, 'Segoe UI', 'Nimbus Sans L', 'Liberation Sans', 'Open Sans', FreeSans, Arial, sans-serif; font-size: 14.4px; line-height: 23.04px; background-color: #f7f7f7;\">\u00a0<\/span><\/p>\n","protected":false},"excerpt":{"rendered":"<p>La volont\u00e9 premi\u00e8re des Partageurs est\u00a0d\u2019offrir la possibilit\u00e9 d\u2019utiliser une voiture, vecteur d\u2019ind\u00e9pendance et de libert\u00e9, \u00e0 des personnes qui n\u2019en ont pas les moyens, ou qui ne l\u2019utiliseraient pas suffisamment pour que cela soit int\u00e9ressant. Cette voiture repr\u00e9sente \u00a0\u00e9galement une alternative concr\u00e8te \u00e0 l\u2019achat d\u2019un\u00a0deuxi\u00e8me v\u00e9hicule\u00a0par les familles. Les voitures partag\u00e9es ne le sont<br \/><a class=\"moretag\" href=\"https:\/\/lespartageurs.bzh\/index.php\/autopartage\/\">+ Read More<\/a><\/p>\n","protected":false},"author":1,"featured_media":0,"parent":0,"menu_order":0,"comment_status":"closed","ping_status":"closed","template":"","meta":[],"_links":{"self":[{"href":"https:\/\/lespartageurs.bzh\/index.php\/wp-json\/wp\/v2\/pages\/29"}],"collection":[{"href":"https:\/\/lespartageurs.bzh\/index.php\/wp-json\/wp\/v2\/pages"}],"about":[{"href":"https:\/\/lespartageurs.bzh\/index.php\/wp-json\/wp\/v2\/types\/page"}],"author":[{"embeddable":true,"href":"https:\/\/lespartageurs.bzh\/index.php\/wp-json\/wp\/v2\/users\/1"}],"replies":[{"embeddable":true,"href":"https:\/\/lespartageurs.bzh\/index.php\/wp-json\/wp\/v2\/comments?post=29"}],"version-history":[{"count":9,"href":"https:\/\/lespartageurs.bzh\/index.php\/wp-json\/wp\/v2\/pages\/29\/revisions"}],"predecessor-version":[{"id":65,"href":"https:\/\/lespartageurs.bzh\/index.php\/wp-json\/wp\/v2\/pages\/29\/revisions\/65"}],"wp:attachment":[{"href":"https:\/\/lespartageurs.bzh\/index.php\/wp-json\/wp\/v2\/media?parent=29"}],"curies":[{"name":"wp","href":"https:\/\/api.w.org\/{rel}","templated":true}]}}